 ((-10)/(-4))/((-70)/168). Let l(w) = -2*w**3 + w**2 + 11*w + 20. Is l(o) a prime number?
False
Suppose 14 = 4*x + 2*q, 4*x + x - 4*q = 37. Let k(p) = x - 30*p - 5*p**3 + 6*p**2 + 2*p**3 + 26*p. Is k(-6) a composite number?
True
Suppose -5*t = -4*v - 15, -5*t + 10 = -v - 2*v. Let u(h) = 10037*h**2. Is u(t) prime?
True
Suppose 18*d = 9212836 + 10966748. Suppose 15*g = 79*g - d. Is g composite?
True
Let i be -5 + 5/(25/295). Suppose 9*t - i = 18*t. Let s(a) = 39*a**2 - 10*a + 7. Is s(t) composite?
False
Let v(t) = -18330*t**3 + 14*t**2 + 30*t + 89. Is v(-4) prime?
False
Suppose 6*s - 2*s - 602140 = -264. Is s prime?
False
Let s be 4/(((-250)/(-1805))/5)*5. Let v = s - -65. Is v prime?
True
Suppose 0 = -38*f + 16*f - 736626. Let n = -17585 - f. Is n a prime number?
False
Suppose 3*c = -c - 7492. Let s = c + -1463. Is 2*2/12 + s/(-9) prime?
False
Let i(d) = d**3 + 7*d**2 - 16*d + 18. Let m be i(-9). Suppose -3*t + 3*o = 3 - m, 5*t = o + 7. Suppose 5*v = -t*z + 1117, -z = -5*v + 770 + 344. Is v prime?
True
Let f = 48985 - 5132. Is f a prime number?
True
Let r(k) = -8*k + 16. Let g be r(2). Suppose -8*y - 5*y + 38311 = g. Is y prime?
False
Let c(t) = t**2 - 6*t + 10. Let i be c(2). Suppose 2*b - 28721 = -i*r - r, 4*r + 2*b - 38298 = 0. Is r a composite number?
True
Let m(q) = 84*q**3 - 4*q**2 + 13*q - 13. Suppose 18 = 4*s - 5*x, -5*s + 2*x - 5*x = -4. Is m(s) a composite number?
True
Let l(f) be the third derivative of 43*f**7/5040 - 17*f**6/720 - 13*f**5/20 + 14*f**2. Let h(c) be the third derivative of l(c). Is h(12) a prime number?
True
Let z(h) = 20291*h**2 - 5*h + 7. Let d be z(1). Suppose 0 = -44*m + 37*m + d. Is m a composite number?
True
Is (733587 + (-4)/(-1))*(14 + 143/(-11)) a prime number?
True
Let t = 622331 + -356860. Is t composite?
False
Let x(q) = -4*q**2 + 15*q + 18. Let i(t) = -2*t**2 + 8*t + 9. Let l(m) = 7*i(m) - 3*x(m). Let h be l(11). Let z = 442 - h. Is z a prime number?
False
Suppose 5*m - 6*k = -3*k - 508, 0 = 2*m + 2*k + 216. Let x = -104 - m. Is (-924)/(-22) + (x - -1) a composite number?
False
Let s = 835 - 481. Let u be s/3*9/6. Let b = u - 44. Is b prime?
False
Suppose 4*u - 196270 = -3*o, 101*o - 2*u + 130852 = 103*o. Is o prime?
False
Let t = -29927 - -18049. Let u = -3821 - t. Is u prime?
False
Suppose -k - 211 = u - 0*k, -5*u + 4*k = 1046. Let w = u - -841. Is w a prime number?
True
Let m(a) = -371*a + 3. Suppose 2*s - w = 2*w + 2, w = 5*s + 21. Let j be m(s). Let i = j - -715. Is i prime?
False
Let x(u) = -50*u - 7. Suppose -3*q + 31 = -8. Suppose 2*v = 1 - q. Is x(v) composite?
False
Suppose -b + 12*q = 15*q - 2978, -3*b + q + 8884 = 0. Is (b + -6 - 5) + 5 a composite number?
False
Suppose 7*a = 12*a + 6*s - 224091, 224087 = 5*a + 2*s. Is a a prime number?
False
Is -3*(-6)/(-8)*4/(-3) - -159968 prime?
False
Let t(v) = 31*v**2 + 6*v - 7. Suppose -3*q + 19 = 4. Suppose q = h + c, 2*h = -0*h - 3*c + 6. Is t(h) a prime number?
False
Let p(h) = 28*h + 13. Let j(q) = 27*q + 14. Let r(g) = -g + 22. Let x be r(20). Let i(c) = x*j(c) - 3*p(c). Is i(-6) a composite number?
True
Suppose -22206 = 14*t - 183066. Let m = t + -6343. Is m a prime number?
True
Is ((-23 - -21)/2)/((-2)/382222) a prime number?
False
Let c be ((-412)/10)/((-22)/55). Let t(l) = 91*l - 195*l - 1 - c*l - 4. Is t(-2) a composite number?
False
Let g(a) be the second derivative of -169*a**3/6 - 35*a**2 - 24*a. Let t be g(-17). Suppose -15*l - t + 6748 = 0. Is l composite?
False
Let o(c) = 72*c**2 - 59*c - 2069. Is o(-32) a composite number?
False
Let g be 4 + 1 + -6 + 3. Suppose m + 2 + 7 = 2*q, 1 = m. Suppose -3*f + 3118 = -q*u, g*u - 5*u = -3*f + 3120. Is f a prime number?
False
Let o(k) = -4*k**3 + 14*k**2 + 8*k + 10. Let v be o(11). Let d = v + 5670. Is d a prime number?
False
Let n = -1572 - -810. Let f be 3 - n - (18/2)/3. Suppose -7*g + f = -g. Is g a prime number?
True
Let q = 2693 - 1547. Let l = q - -1. Is l composite?
True
Is ((-83419146)/405)/((-2)/(-4) - 18/20) prime?
True
Let w(a) be the third derivative of a**6/60 - a**5/6 + a**4/12 - 11*a**3/6 - 66*a**2. Is w(10) composite?
False
Let y = -11 - -18. Suppose 9*i - 1144 = y*i. Let g = 1359 + i. Is g a composite number?
False
Let j(t) = 6155*t**2 + 8*t + 301. Is j(-10) a composite number?
False
Suppose -59248 = -5*b - 2*a, 2*a - 8 = -10. Suppose -7147 = -3*i - 5*j, 0*i + 4*j = 5*i - b. Is i composite?
True
Suppose -518532 - 52622 = -9*i - 73391. Is i a prime number?
False
Suppose -5*a - 828563 = -47*p + 45*p, -4*p + 1657162 = 2*a. Is p a composite number?
True
Let x be ((-33)/2)/(-5 + 62/12). Let v = x + 96. Is (1441/(-2))/(v/(-6) - 1) a prime number?
False
Let o(q) = 0*q - q + 192*q**2 - 38*q**2. Let i(m) = -4*m - 10. Let a be i(-3). Is o(a) composite?
True
Suppose 0 = 3*i - 25*z + 26*z - 20552, -4*z = -2*i + 13692. Suppose 2*u = 12*u - i. Is u a composite number?
True
Let n(w) = 896*w - 5. Let z = -131 + 140. Is n(z) a composite number?
False
Let p(u) = -12*u**2 - u. Let k be p(-1). Let r(o) = 12*o - o**2 + 3*o**3 - 4 + 0 - 4*o**3 + 13. Is r(k) a composite number?
False
Let q = 28555 - 12569. Is q prime?
False
Suppose 7*z - 258621 = -8*z - 18*z. Is z a prime number?
False
Suppose 0 = -807*t + 757*t + 750. Let g be 110/(-9) + (-2)/(-9). Is (g/(-20))/(3/t) prime?
True
Let k be 27/(-1 - -4)*3/9. Suppose 3*v + 15 = -3*i, k*i + 20 = 6*i - 4*v. Suppose -b = 5*a - 3845, i*a + 3*a - 2307 = -2*b. Is a prime?
True
Let x(o) = 116856*o**2 + 87*o - 169. Is x(2) prime?
False
Let c be 8/10*(420/8)/(-7). Is (-8)/c*3 + 7830 + 15 a composite number?
True
Let r = 146 + -138. Suppose i = -r*f + 12*f - 36519, 45670 = 5*f + 3*i. Is f composite?
True
Let g(b) = 3*b + 37. Let m be g(27). Let r = m - 115. Suppose 2*w + 2207 = 3*q - 453, -r*w = -2*q + 1775. Is q a composite number?
True
Suppose 9*p - 4*p = -5*b + 90, 0 = -5*b - 2*p + 81. Suppose -4*o - 583 = -b*o. Is o prime?
True
Suppose -44 = -24*g + 4. Suppose -3*x = g*x - 57725. Is x a prime number?
False
Let z be (-14)/(5/(-1960)*2). Suppose -11*m + z = -2613. Is m composite?
False
Let u be 139 + -21 - (1 + -2)*0. Let l = 116 - u. Let i(n) = 121*n**2 + n - 3. Is i(l) prime?
True
Let q(f) = -2*f**3 - 11*f**2 + 8*f. Let r be q(-6). Is (-1697)/(-3) + 1 + 20/r composite?
True
Let b(c) = 3*c**2 + 30*c - 47. Let k(s) = 5*s**2 + 59*s - 95. Let g(a) = 5*b(a) - 2*k(a). Is g(-26) a prime number?
True
Let r be 4/6 + (-52)/6 + 8. Let a(o) = o**3 + o**2 + o + 91. Let l be a(r). Suppose -v + 0*v = -l. Is v composite?
True
Let u(l) = 711*l**2 + l - 173. Is u(10) prime?
True
Suppose -5*p = t - 12, -2*p + 18 - 3 = -3*t. Let r(g) = -g**3 - 4*g**2 + g - 4. Let q be r(-6). Suppose -m = 2*k - 45 - q, p*k + 548 = 5*m. Is m composite?
False
Suppose 4*t - 14097 = 2*m - 2185, 0 = -5*m + 3*t - 29815. Let b be (m/57)/(2/(-9)). Let a = b + -90. Is a composite?
True
Suppose -27104 + 7903 = -7*q. Suppose p + 3*d - q = 0, 4*p - p + 3*d = 8241. Is p prime?
True
Let h = 873075 - 522626. Is h composite?
True
Let y = -995 - -1008. Suppose 6272 = p + 5*v, 3*p - 18858 = y*v - 14*v. Is p composite?
False
Suppose 0*l = 5*d - l - 170, d - 34 = -2*l. Suppose 0 = 32*u - d*u - 2. Is 588 + (-1)/u - -2 prime?
False
Let v be 5 + (7 + -112868)/7. Let x = -8821 - v. Is x a prime number?
True
Let c = -10658 + 32709. Is c a prime number?
True
Let r = 265975 - 109758. Is r a composite number?
False
Is (-27 - -21) + (-10273)/(-1) prime?
True
Suppose 40*y - 24*y - 21*y = -1146345. Is y a composite number?
True
Suppose -8*v = -7*v + 3*q - 105307, 2*v - 5*q - 210592 = 0. Suppose 0 = -19*f + 16*f - 5*l + v, 3*f + l = 105305. Is f composite?
True
Let y = -62 - -68. Let a(c) = -7*c**3 + c**2 + 11*c - 15. Let d(u) = -u**3 + u**2 + u - 1. Let k(p) = y*d(p) - a(p). Is k(7) composite?
True
Let m(g) = 247*g**2 + 215*g - 61. Is m(41) a composite number?
False
Let o(w) = 404*w**2 + 16*w - 24. Let m be o(-12). Let z = m + -33523. Is z composite?
True
Let i(g) = 8453*g**3 + 17*g**2 - 10*g + 7. Is i(2) a composite number?
False
Let q(i) = 50*i**2 + 36*i - 247. Is q(21) composite?
True
Let f = -53725 + 105488. Is f a prime number?
False
Suppose -420*s + 12867287 = -367*s. Is s a prime number?
True
Suppose 50778 = -13*i + 232297. Is i composite?
False
Suppose -1925 = 5*i - 5*g + 215, -g = -3*i - 1288. Let p = i - -5559. Is p 